{"id":950,"date":"2022-11-30T17:27:28","date_gmt":"2022-11-30T17:27:28","guid":{"rendered":"https:\/\/sosw2grudziadz.pl\/?page_id=950"},"modified":"2025-08-05T13:11:07","modified_gmt":"2025-08-05T13:11:07","slug":"zasady-rekrutacji-2","status":"publish","type":"page","link":"https:\/\/sosw2grudziadz.pl\/index.php\/zasady-rekrutacji-2\/","title":{"rendered":"Klauzula"},"content":{"rendered":"\n<p><a href=\"https:\/\/sosw2grudziadz.pl\/wp-content\/uploads\/2025\/08\/klauzula_informacyjna_dotyczaca_ochrony_danych_osobowych.pdf\" data-type=\"link\" data-id=\"https:\/\/sosw2grudziadz.pl\/wp-content\/uploads\/2025\/08\/klauzula_informacyjna_dotyczaca_ochrony_danych_osobowych.pdf\" target=\"_blank\" rel=\"noreferrer noopener\">Klauzula informacyjna dotycz\u0105ca ochrony danych osobowych i zasad ich przetwarzania<\/a><br><a href=\"https:\/\/sosw2grudziadz.pl\/wp-content\/uploads\/2025\/08\/Klauzula_informacyjna_dotyczaca_przetwarzania_danych_z_zakresu_wizerunku_za_pomoca_monitoringu_wizyjnego_SOSW.pdf\" data-type=\"link\" data-id=\"https:\/\/sosw2grudziadz.pl\/wp-content\/uploads\/2025\/08\/Klauzula_informacyjna_dotyczaca_przetwarzania_danych_z_zakresu_wizerunku_za_pomoca_monitoringu_wizyjnego_SOSW.pdf\" target=\"_blank\" rel=\"noreferrer noopener\">Klauzula informacyjna dotycz\u0105ca przetwarzania danych z zakresu wizerunku za pomoc\u0105 monitoringu wizyjnego SOSW<\/a><br><a href=\"https:\/\/sosw2grudziadz.pl\/wp-content\/uploads\/2025\/08\/Klauzula_informacyjna_w_zwiazku_z_przetwarzaniem_danych_osobowych_sygnalisty_osoby_pomagajacej_w_dokonaniu_zgloszenia_osoby_bliskiej_sygnaliscie.pdf\" data-type=\"link\" data-id=\"https:\/\/sosw2grudziadz.pl\/wp-content\/uploads\/2025\/08\/Klauzula_informacyjna_w_zwiazku_z_przetwarzaniem_danych_osobowych_sygnalisty_osoby_pomagajacej_w_dokonaniu_zgloszenia_osoby_bliskiej_sygnaliscie.pdf\" target=\"_blank\" rel=\"noreferrer noopener\">Klauzula informacyjna w zwi\u0105zku z przetwarzaniem danych osobowych sygnalisty osoby pomagaj\u0105cej w dokonaniu zg\u0142oszenia osoby bliskiej sygnali\u015bcie<br><\/a><a href=\"https:\/\/sosw2grudziadz.pl\/wp-content\/uploads\/2025\/08\/Klauzula_informacyjna_w_zwiazku_z_przetwarzaniem_danych_osobowych_osoby_wskazanej_w_zgloszeniu_sygnalisty.pdf\" data-type=\"link\" data-id=\"https:\/\/sosw2grudziadz.pl\/wp-content\/uploads\/2025\/08\/Klauzula_informacyjna_w_zwiazku_z_przetwarzaniem_danych_osobowych_osoby_wskazanej_w_zgloszeniu_sygnalisty.pdf\" target=\"_blank\" rel=\"noreferrer noopener\">Klauzula informacyjna w zwi\u0105zku z przetwarzaniem danych osobowych osoby wskazanej w zg\u0142oszeniu sygnalisty<\/a><br><br><\/p>\n\n\n\n<p><\/p>\n\n\n\n<p><\/p>\n\n\n\n<p><\/p>\n","protected":false},"excerpt":{"rendered":"<p>Klauzula informacyjna dotycz\u0105ca ochrony danych osobowych i zasad ich przetwarzaniaKlauzula informacyjna dotycz\u0105ca przetwarzania danych z zakresu wizerunku za pomoc\u0105 monitoringu wizyjnego SOSWKlauzula informacyjna w zwi\u0105zku z przetwarzaniem danych osobowych sygnalisty osoby pomagaj\u0105cej w dokonaniu zg\u0142oszenia osoby bliskiej sygnali\u015bcieKlauzula informacyjna w zwi\u0105zku z przetwarzaniem danych [&hellip;]<\/p>\n","protected":false},"author":1,"featured_media":0,"parent":0,"menu_order":0,"comment_status":"closed","ping_status":"closed","template":"","meta":{"_uag_custom_page_level_css":"","site-sidebar-layout":"default","site-content-layout":"","ast-site-content-layout":"default","site-content-style":"default","site-sidebar-style":"default","ast-global-header-display":"","ast-banner-title-visibility":"","ast-main-header-display":"","ast-hfb-above-header-display":"","ast-hfb-below-header-display":"","ast-hfb-mobile-header-display":"","site-post-title":"","ast-breadcrumbs-content":"","ast-featured-img":"","footer-sml-layout":"","ast-disable-related-posts":"","theme-transparent-header-meta":"","adv-header-id-meta":"","stick-header-meta":"","header-above-stick-meta":"","header-main-stick-meta":"","header-below-stick-meta":"","astra-migrate-meta-layouts":"set","ast-page-background-enabled":"default","ast-page-background-meta":{"desktop":{"background-color":"var(--ast-global-color-4)","background-image":"","background-repeat":"repeat","background-position":"center center","background-size":"auto","background-attachment":"scroll","background-type":"","background-media":"","overlay-type":"","overlay-color":"","overlay-opacity":"","overlay-gradient":""},"tablet":{"background-color":"","background-image":"","background-repeat":"repeat","background-position":"center center","background-size":"auto","background-attachment":"scroll","background-type":"","background-media":"","overlay-type":"","overlay-color":"","overlay-opacity":"","overlay-gradient":""},"mobile":{"background-color":"","background-image":"","background-repeat":"repeat","background-position":"center center","background-size":"auto","background-attachment":"scroll","background-type":"","background-media":"","overlay-type":"","overlay-color":"","overlay-opacity":"","overlay-gradient":""}},"ast-content-background-meta":{"desktop":{"background-color":"var(--ast-global-color-5)","background-image":"","background-repeat":"repeat","background-position":"center center","background-size":"auto","background-attachment":"scroll","background-type":"","background-media":"","overlay-type":"","overlay-color":"","overlay-opacity":"","overlay-gradient":""},"tablet":{"background-color":"var(--ast-global-color-5)","background-image":"","background-repeat":"repeat","background-position":"center center","background-size":"auto","background-attachment":"scroll","background-type":"","background-media":"","overlay-type":"","overlay-color":"","overlay-opacity":"","overlay-gradient":""},"mobile":{"background-color":"var(--ast-global-color-5)","background-image":"","background-repeat":"repeat","background-position":"center center","background-size":"auto","background-attachment":"scroll","background-type":"","background-media":"","overlay-type":"","overlay-color":"","overlay-opacity":"","overlay-gradient":""}},"footnotes":""},"categories":[8],"tags":[],"class_list":["post-950","page","type-page","status-publish","hentry","category-kandydat"],"uagb_featured_image_src":{"full":false,"thumbnail":false,"medium":false,"medium_large":false,"large":false,"1536x1536":false,"2048x2048":false},"uagb_author_info":{"display_name":"admin","author_link":"https:\/\/sosw2grudziadz.pl\/index.php\/author\/admin\/"},"uagb_comment_info":0,"uagb_excerpt":"Klauzula informacyjna dotycz\u0105ca ochrony danych osobowych i zasad ich przetwarzaniaKlauzula informacyjna dotycz\u0105ca przetwarzania danych z zakresu wizerunku za pomoc\u0105 monitoringu wizyjnego SOSWKlauzula informacyjna w zwi\u0105zku z przetwarzaniem danych osobowych sygnalisty osoby pomagaj\u0105cej w dokonaniu zg\u0142oszenia osoby bliskiej sygnali\u015bcieKlauzula informacyjna w zwi\u0105zku z przetwarzaniem danych [&hellip;]","_links":{"self":[{"href":"https:\/\/sosw2grudziadz.pl\/index.php\/wp-json\/wp\/v2\/pages\/950","targetHints":{"allow":["GET"]}}],"collection":[{"href":"https:\/\/sosw2grudziadz.pl\/index.php\/wp-json\/wp\/v2\/pages"}],"about":[{"href":"https:\/\/sosw2grudziadz.pl\/index.php\/wp-json\/wp\/v2\/types\/page"}],"author":[{"embeddable":true,"href":"https:\/\/sosw2grudziadz.pl\/index.php\/wp-json\/wp\/v2\/users\/1"}],"replies":[{"embeddable":true,"href":"https:\/\/sosw2grudziadz.pl\/index.php\/wp-json\/wp\/v2\/comments?post=950"}],"version-history":[{"count":1,"href":"https:\/\/sosw2grudziadz.pl\/index.php\/wp-json\/wp\/v2\/pages\/950\/revisions"}],"predecessor-version":[{"id":955,"href":"https:\/\/sosw2grudziadz.pl\/index.php\/wp-json\/wp\/v2\/pages\/950\/revisions\/955"}],"wp:attachment":[{"href":"https:\/\/sosw2grudziadz.pl\/index.php\/wp-json\/wp\/v2\/media?parent=950"}],"wp:term":[{"taxonomy":"category","embeddable":true,"href":"https:\/\/sosw2grudziadz.pl\/index.php\/wp-json\/wp\/v2\/categories?post=950"},{"taxonomy":"post_tag","embeddable":true,"href":"https:\/\/sosw2grudziadz.pl\/index.php\/wp-json\/wp\/v2\/tags?post=950"}],"curies":[{"name":"wp","href":"https:\/\/api.w.org\/{rel}","templated":true}]}}